 3?
1
Let s = -20 - -42. What is the highest common divisor of s and 88?
22
Let m = -4 + 4. Let i be m/1 - 1*-4. Suppose -i*v + 133 = 5. What is the highest common divisor of v and 16?
16
Let h be (-238)/(-10) + (-2)/(-10). What is the highest common factor of h and 36?
12
Suppose -5*a - n + 3 = -18, a + n = 5. Calculate the highest common divisor of a and 4.
4
Let m = 20 + -8. Calculate the greatest common factor of 3 and m.
3
Let q = 201 - 129. What is the greatest common divisor of 8 and q?
8
Let c(b) = -b**2 - 15*b - 6. Let y be c(-12). Calculate the highest common factor of y and 75.
15
Let r(s) = 2*s**2 - 17. Let g be r(-4). Let p = 155 + -110. What is the highest common factor of p and g?
15
Let j(k) = -2*k**3 - 5*k**2 - 10*k - 4. Let p be j(-2). What is the greatest common factor of p and 132?
12
Suppose 3*l - 2*p - 4 = 0, 4 = 4*l - 2*p - 0. Let k(s) = -s + 3. Let x be k(l). Calculate the greatest common factor of x and 1.
1
Let l = -5 + 9. Suppose -k + 55 = l*k. Calculate the greatest common factor of 99 and k.
11
Let l be 600/45*12/10. Calculate the highest common factor of 80 and l.
16
Suppose 0 = 5*h + 4*v - 75, 0 = 3*h - 4*v + v - 18. Let c be (1 + -2)/(3/(-297)). What is the greatest common divisor of c and h?
11
Let x be 12/(-2)*50/(-4). Let t(f) = -36*f - 201. Let i be t(-6). Calculate the highest common divisor of i and x.
15
Let f = 248 + -163. What is the greatest common divisor of f and 34?
17
Let d(m) = -m**3 + 5*m**2 + 2*m - 7. Let n be d(5). Let w(g) = 4*g. Let p be w(n). What is the greatest common divisor of p and 24?
12
Let u = -31 - -51. Let v(w) = 3*w**2 - 2*w - 5. Let h be v(5). What is the highest common divisor of h and u?
20
Let j = -26 - -28. What is the highest common divisor of 5 and j?
1
Suppose -4*j + 2*l + 32 = 8, 2*j - 3*l - 8 = 0. Let r(i) = 7*i + 1. Let n be r(j). What is the highest common divisor of n and 10?
10
Let a be (-1)/(2/(-16)) + -1. Let t be a/(-14)*(-1 - 13). Calculate the greatest common divisor of 7 and t.
7
Let v(b) = 2*b**3 - 9*b**2 + b + 12. Let j be v(6). Let l = -35 - -19. Let y = 30 + l. Calculate the greatest common divisor of j and y.
14
Let z(b) = -4*b**3 + 9 + 14*b + 8*b**2 - 11*b + 3*b**3. Let r be z(8). Calculate the greatest common factor of r and 11.
11
Let n be 3 - 7/(28/(-156)). Calculate the greatest common divisor of n and 28.
14
Suppose 68 = 2*t - b - b, 0 = 3*t - 5*b - 104. Calculate the highest common factor of t and 11.
11
Suppose v - 9 = 63. Suppose -3*y + 0*x + 11 = x, 5*y = -4*x + 30. Suppose 5*i - 45 = 2*n, -y*i = 4*n - 10 - 8. Calculate the highest common divisor of i and v.
9
Let u = -2 + 23. What is the greatest common divisor of u and 7?
7
Let p = 36 + 39. Calculate the highest common divisor of p and 50.
25
Suppose 5*v - 3 = 57. What is the greatest common divisor of 60 and v?
12
Let n = -72 + 142. Let u be -1*(2 + -23)/3. Calculate the greatest common divisor of u and n.
7
Let b(p) = p**3 + 8*p**2 - 20*p + 13. Let m be b(-9). What is the highest common divisor of m and 14?
14
Suppose -2*l - 56 + 6 = -3*z, 3*z - 3*l = 45. Calculate the greatest common factor of z and 10.
10
Let s(g) = g**2 - 5*g - 5. Let w be -1 + -1 - (-12 - -15). Let t be s(w). Calculate the highest common factor of t and 15.
15
Suppose 0*t + t = 12. Let d = 56 - 26. Calculate the highest common factor of t and d.
6
Let v = 4 - 2. Suppose 5*r + 3*n = 30, n - 3 - 2 = 0. Suppose 518 = 5*c - v*q, r*c - 4*c + 5*q = -122. What is the greatest common factor of 17 and c?
17
Let c(l) = -l**3 + 5*l**2 + 2*l + 1. Let g be c(5). Let s be 9 - 90/10 - (1 + -100). Calculate the greatest common factor of g and s.
11
Let r = -20 - -24. Calculate the greatest common factor of r and 6.
2
Let f(m) = 3*m. Let p be f(5). Suppose 0 = h - 2*h + p. What is the highest common divisor of h and 5?
5
Let b be 12/(-16) + 111/4 + 2. What is the greatest common divisor of b and 203?
29
Suppose 6*m - 8 = 2*m. Suppose -j - 2*j + 50 = 2*g, 0 = m*g + j - 46. What is the greatest common divisor of 242 and g?
22
Let l be -7*2*2/(-2). Calculate the greatest common divisor of l and 70.
14
Let m be (7/3)/(1/(-18)). Let u = m + 60. Let i be 4/u + (-284)/(-18). Calculate the highest common factor of 40 and i.
8
Let r be 8/6 - 3/9. What is the highest common divisor of r and 9?
1
Let l(f) = 2 + 5 - 3 + 7*f + f. Let r be l(4). What is the greatest common divisor of r and 4?
4
Let c(q) = -q**2 - 7*q - 4. Let j be c(-5). Let n = 17 - j. Let k = 85 - -3. Calculate the greatest common divisor of n and k.
11
Let n = -74 + 88. Let l(x) = 2*x**3 - 10*x**2 + 8*x + 6. Let y be l(6). What is the highest common divisor of y and n?
14
Let m = 75 - 3. What is the greatest common divisor of 48 and m?
24
Let c(p) = -p**2 + 24. Let n be c(0). Let l = 4 + -1. Suppose -o = -l*s, o = -o + 3*s + 6. What is the highest common factor of o and n?
6
Suppose g + 23 - 5 = 0. Let w be (-245)/(-9) + 4/g. Calculate the greatest common divisor of w and 18.
9
Suppose 3*m = 2*m + 6. What is the greatest common factor of m and 60?
6
Let h(q) = 3*q - 4. Let r be h(5). What is the greatest common factor of 77 and r?
11
Suppose -33 = 4*m - m. Let p = m - -18. Calculate the highest common divisor of 35 and p.
7
Let q be (8/(-28))/((-4)/14). Calculate the greatest common divisor of q and 9.
1
Suppose 11*o - 3 = 8. Suppose -x + 6*w + 4 = 2*w, -x + 4 = -w. What is the highest common divisor of o and x?
1
Let q = 59 + 60. Let z(l) = 2*l**2 + 4*l - 31. Let c be z(4). Calculate the highest common factor of c and q.
17
Suppose -336 = -5*a - 5*j + 154, 4*a - 2*j - 386 = 0. Suppose 4*b - 409 = -a. Let n be b/9*(-21)/(-2). What is the highest common factor of n and 13?
13
Let z be ((-48)/(-2))/((-1)/(-1)). Calculate the highest common factor of z and 60.
12
Suppose -3*p + 2*p + 4 = 0. Suppose -w + 1 + p = 0. Calculate the greatest common divisor of w and 50.
5
Let z be 387/7 - (-4)/(-14). Let c(k) = 3 + 0 + k + 5*k**2 - k**3 - 1. Let a be c(4). Calculate the greatest common divisor of z and a.
11
Suppose 4*z - 2*t - 1082 = t, -t + 818 = 3*z. Calculate the highest common divisor of 16 and z.
16
Suppose 0 = 4*y + 7 - 199. Calculate the greatest common factor of y and 16.
16
Suppose 21 = 3*a + y + 2*y, 0 = -5*y + 25. Suppose -3*x + 48 = 4*d + a*x, 5*d = -3*x + 60. Suppose d = w - 0*w. What is the greatest common factor of 4 and w?
4
Let p = 17 + -10. Calculate the highest common divisor of p and 35.
7
Let q = 19 + -7. Calculate the greatest common factor of 60 and q.
12
Let k = -79 - -81. What is the highest common factor of k and 8?
2
Let t = 150 - -254. Suppose 0 = -0*k - 4*k + h + t, 516 = 5*k - 4*h. Let x be (-4)/(-6) - k/(-12). Calculate the highest common divisor of x and 81.
9
Let t = 7 + -14. Let h(o) = -10 - o**3 - 10*o + 6*o**2 + o**3 + o**3. Let m be h(t). What is the greatest common factor of m and 99?
11
Suppose 0 = 4*s + 12, -6*t + s + 99 = -2*t. Let o(q) = 5*q**3 - 3*q**2 - q + 2. Let p be o(1). What is the highest common factor of t and p?
3
Let c be 22 - (2 - (4 - 5)). Let w = 26 - c. Calculate the greatest common factor of w and 7.
7
Let u = 145 + -131. Calculate the highest common factor of 154 and u.
14
Suppose 7*i - 12 = 3*i. Suppose -i*m + 4*z = -26 - 11, 5*m - 85 = -5*z. Let c be (-448)/(-6)*m/10. What is the highest common divisor of 14 and c?
14
Suppose -2*f - f = c - 22, -5*c + 50 = -5*f. Let i be 2/c - (-200)/52. Calculate the greatest common factor of 6 and i.
2
Suppose -5*q + 70 = -0*z - z, -3*q + 42 = 5*z. Calculate the highest common divisor of q and 7.
7
Suppose 81 = 3*z - 99. Let i be (-621)/(-15) - (-2)/(-5). Let u = -29 + i. What is the highest common factor of z and u?
12
Let z be 2/1 + -1 - -3. What is the highest common divisor of z and 4?
4
Suppose -2*f + 34 = -0*f. What is the greatest common factor of f and 187?
17
Let f = 3 + 0. Let v be -2 + f - 0/(-4). Calculate the highest common divisor of 4 and v.
1
Let l be (8 + 0)*-1*1*-24. Calculate the greatest common divisor of 24 and l.
24
Let y = 25 - -13. Let u be (0 + 1 - -13) + 2. Let d = 3 + u. What is the highest common divisor of y and d?
19
Suppose -g = 3*y - 83 + 17, 93 = 4*y + 3*g. Calculate the highest common factor of y and 168.
21
Suppose -22 - 34 = -4*j. Calculate the highest co